 + 32. Let a = 115 - 61. Calculate the greatest common divisor of a and h.
18
Let j be ((-12)/2)/(-1)*22. What is the highest common factor of j and 33?
33
Let t(z) = z**2 + z - 5. Let u = 4 - -1. Let d be t(u). Calculate the highest common factor of 225 and d.
25
Let y(s) = s**3 - 6*s**2 + 5*s - 7. Let g be y(6). Suppose 4*d + 3*z - 2*z = 280, 4*z = -d + 85. What is the greatest common divisor of d and g?
23
Let b(m) = -3*m + 4 - 3 + m**2 - 1. Let f be b(6). Calculate the highest common factor of 9 and f.
9
Let r = 7 + 29. What is the highest common divisor of r and 12?
12
Let x(u) = -3*u - 11. Let a be x(-8). Let v(p) = -p**3 + 7*p**2 + 2*p - 1. Let y be v(7). What is the highest common factor of y and a?
13
Suppose -56 = -13*s + 9*s. What is the highest common factor of 21 and s?
7
Let s(x) = -x + 7. Let j be s(7). Suppose 5*d + 622 = -4*r, 5*d - r - r + 634 = j. Let g be (-12)/9*d/4. What is the greatest common factor of 28 and g?
14
Suppose 6*t - 111 = 669. What is the highest common divisor of 10 and t?
10
Let r(j) = 15*j**2 + j - 23*j**2 + 16*j**2. Let y be r(1). What is the greatest common divisor of y and 3?
3
Let d(v) = -35*v - 57. Let b be d(-7). What is the highest common divisor of 47 and b?
47
Let t = 1 + 2. Suppose -52 = -t*g - g. Let q be (-1166)/(-10) + (-2)/(-5). What is the highest common factor of q and g?
13
Let d be 2/4 + 23/2. What is the greatest common divisor of 96 and d?
12
Suppose -5*h + 2*h - g = -71, 2*h + 2*g - 50 = 0. Calculate the highest common divisor of 184 and h.
23
Suppose -5*c + 8 = 4*m - 31, -21 = -3*m - c. What is the greatest common factor of m and 30?
6
Let p be (-1149)/(-15) - 2/(-5). Suppose 0 = 6*u - u - 55. Calculate the greatest common divisor of u and p.
11
Suppose 11*s - 248 + 94 = 0. Suppose 0*l = 4*l - 28. Calculate the greatest common factor of s and l.
7
Suppose -6*m = -11*m + 480. Calculate the highest common divisor of 24 and m.
24
Suppose 3*d + q + 2*q = -6, -3*d + 19 = -2*q. What is the highest common factor of 3 and d?
3
Suppose -12 = -5*x + 13. Let y = -14 + 39. Suppose -5*h + 100 = -5*b, 0*b = h - 2*b - y. Calculate the greatest common divisor of x and h.
5
Suppose 0 = 2*a - 2 - 2. Suppose -3 = -a*l + 3. Let k be (l + (-9)/(-3))*1. What is the highest common factor of 54 and k?
6
Let w(c) = c**2 + 2*c - 5. Let o be w(-4). Suppose o*j = u + 175, 4*j + 3*u - 220 = u. What is the highest common divisor of 19 and j?
19
Suppose 0 = 4*q - 90 + 26. Suppose -3*j = -5*a + 2*j + 10, 0 = 2*j. What is the highest common divisor of a and q?
2
Suppose 2*f = -11 + 137. Suppose -31 = y - 2*y. Let a = y + -10. What is the greatest common factor of a and f?
21
Let m = -10 + 43. Suppose -b + 67 + 32 = 0. What is the greatest common divisor of m and b?
33
Suppose -d - 5*z = 0, 5*d - 23 = 2*z + 31. Calculate the highest common factor of d and 90.
10
Let b(j) = -2*j + 0*j + 4*j**2 + 1 + 6*j**3 - 7*j**3. Let w be b(3). Suppose w*g - 100 = -0*g. Calculate the highest common factor of 5 and g.
5
Let y(w) = w**3 + 7*w**2 + 5*w + 11. Let s be y(-4). Calculate the highest common divisor of s and 429.
39
Let r(d) = -d**2 + 76. Let q be r(0). Calculate the greatest common factor of q and 114.
38
Let y(c) = -21*c**3 - 2*c**2 - 2*c - 1. Let z be y(-1). Suppose 5*o - 5*g = 65, 2 - 30 = -o + 4*g. What is the highest common divisor of o and z?
4
Let q(r) = r**2 + r + 6. Let p be q(0). Suppose 8*x - 3*x - 2*z - 96 = 0, 2*z - 30 = -2*x. What is the highest common divisor of p and x?
6
Let p be -1*6*3*(-35)/15. What is the highest common divisor of 14 and p?
14
Let w(r) = 5*r**2 + 4*r + 2. Let h be w(-3). Suppose -3*f + 2*f = -h. Let m(l) = -l - 1. Let v be m(-6). Calculate the greatest common factor of v and f.
5
Suppose 8*w - 9*w = -16. What is the highest common factor of 48 and w?
16
Let f = 10 + 12. Calculate the highest common factor of f and 2.
2
Let j = -8 + 13. Suppose -73 - 67 = -j*u. Suppose -10*f + 28 = -6*f. Calculate the highest common factor of u and f.
7
Let a = -44 + 45. Calculate the highest common factor of a and 4.
1
Let y = 1 + -4. Let f = y + 23. Calculate the greatest common factor of f and 60.
20
Let k = -28 - -44. What is the greatest common factor of k and 80?
16
Let t(x) = -9*x + 10. Let w be t(-5). Calculate the highest common divisor of w and 11.
11
Suppose -4*n + 8*n - 112 = 0. What is the highest common factor of 224 and n?
28
Suppose -o + 6 - 1 = 0. Suppose -o*g + 4*l = -183, -3*l - 3 - 3 = 0. Calculate the highest common factor of g and 14.
7
Let d be 4 - ((-3744)/6)/6. What is the greatest common factor of 9 and d?
9
Let t(p) = 8*p**2 + p - 7. Let x be t(-6). What is the greatest common divisor of 25 and x?
25
Let v be ((-2)/3 + 0)/(26/(-1365)). Suppose -3*h + h = -8. Let q be (-1)/(-4) - (-19)/h. What is the greatest common factor of q and v?
5
Suppose -v - 13 = -0*v. Let k(m) = m**3 + 13*m**2 + m + 19. Let g be k(v). Let w(o) = 11*o + 4. Let n be w(4). Calculate the greatest common divisor of g and n.
6
Suppose 2*z = 5*t + 45, -43 = -5*z + 2*t + 101. Let a = -86 + 236. What is the highest common factor of z and a?
30
Suppose -19*r + 21*r - 48 = 0. Calculate the greatest common divisor of r and 6.
6
Suppose 2*p + 180 = 2*v + 7*p, 4*v = -p + 360. What is the greatest common factor of v and 10?
10
Suppose 3*k - 27 = -9. Calculate the greatest common divisor of 3 and k.
3
Let d = -718 - -1303. Suppose -3*m - 2*y = -346, d = -2*m + 7*m + 5*y. Suppose 5*n - w - 83 = 0, 3*w = -0 - 9. Calculate the highest common divisor of n and m.
16
Suppose o + 2*i - 24 = 0, -2*o - 3*i + 7 = -45. What is the greatest common divisor of 16 and o?
16
Let i(c) = -c**3 + 6*c**2 - 3*c + 2. Let l(w) = w**3 + 2*w**2 - 2*w. Let t be l(-2). Let m be i(t). Calculate the highest common factor of m and 11.
11
Suppose 4*r = 90 - 2. Calculate the greatest common divisor of 110 and r.
22
Let q = 1 + 0. Suppose -2*s + 5 = q. Suppose 8 = 2*y + o, -7*y + s*y - 2 = -3*o. What is the highest common factor of 14 and y?
2
Suppose 12 = 4*m - 68. Calculate the highest common factor of m and 140.
20
Let q(a) = a**2 - a + 112. Let x be q(0). Suppose 0 = -l - l + x. What is the highest common factor of l and 8?
8
Let w(m) = -m**2 + 15*m - 10. Let x be w(14). What is the highest common factor of 28 and x?
4
Let d be (-7)/(14/(-160))*3. Suppose -d = -f - 3*f. What is the highest common factor of 24 and f?
12
Let i = -5 + 9. Suppose -56 = -i*p - 4*z, 3*p = -0*z + z + 26. Suppose 0*t + 5*t - 400 = 0. What is the highest common divisor of t and p?
10
Let y be (4 - 1)*4/4. Suppose -y*w + 97 = -287. Let x be -2 + 17 + 0 + 1. Calculate the highest common divisor of x and w.
16
Let o be ((-1)/2)/(2/12). Let k(d) be the second derivative of d**4/3 - d**3/6 + d**2/2 + 3*d. Let l be k(o). What is the greatest common divisor of 8 and l?
8
Let r be 1/(-4) - 10/(-8). Let a = 2 + 2. Suppose 9 = o - 2*l, -a = -o - 2*l + 1. Calculate the highest common divisor of r and o.
1
Let h = -1 + 9. Suppose 73 = 5*x - 2*x + 5*s, -15 = -3*s. What is the greatest common divisor of x and h?
8
Let g be (188/3)/(7/21). Let v = g - 116. What is the greatest common factor of v and 9?
9
Suppose -4*h = -0*h - 72. Calculate the greatest common factor of h and 9.
9
Suppose 4*d - 50 = 5*t, 0*t - 3*t = d - 4. Suppose 4*z = -4*s + 316, 0 = 2*z - 3 + 5. Calculate the greatest common factor of s and d.
10
Let s = 7 + -2. Suppose 6*o - o = 5*m + 280, -s*o + 288 = -m. Suppose 0*n + 4*n + o = f, 56 = f - 2*n. Calculate the highest common factor of f and 6.
6
Let o be (16/5)/(7/140). Let y be 1 + 0 - (-15)/1. What is the greatest common factor of y and o?
16
Let u = 7 + -4. Suppose -23 = -5*w + 4*h - 8, -4*w - 24 = 4*h. Let a be (-6 - -5) + (-3)/w. Calculate the greatest common divisor of a and u.
1
Let f be (-445)/(-10) - (-3)/6. What is the highest common divisor of 15 and f?
15
Let v be (19 - 11)/(1*2). Calculate the highest common divisor of 10 and v.
2
Let d(z) = -z + 1 - 5 + 0 + 2. Let w be d(-5). Let j be w*((-62)/(-6) - -1). Calculate the greatest common divisor of 51 and j.
17
Let s = -60 + 73. Calculate the highest common factor of 65 and s.
13
Let z = -20 + 34. Let r be 21*(1 - (-2)/(-6)). Calculate the highest common factor of r and z.
14
Let l = 100 + -44. What is